{"id":934,"date":"2017-11-14T22:39:08","date_gmt":"2017-11-14T21:39:08","guid":{"rendered":"https:\/\/www.medicalanthropology.de\/english\/?page_id=934"},"modified":"2017-11-14T22:39:08","modified_gmt":"2017-11-14T21:39:08","slug":"kurz-helmar","status":"publish","type":"page","link":"https:\/\/www.medicalanthropology.de\/english\/members\/k\/kurz-helmar\/","title":{"rendered":"Kurz, Helmar"},"content":{"rendered":"<p><span style=\"color: black; font-family: Verdana,Georgia,Arial;\"><a href=\"mailto:hkurz_01[at]wwu.de\">hkurz_01[at]wwu.de<\/a><\/span><\/p>\n<p><span style=\"color: black; font-family: Verdana,Georgia,Arial;\">&#8211; Since 2017: Programme Coordinator for the Master Programme \u201eSocial Anthropology\u201c at the Institute for Social Anthropology \/ WWU M\u00fcnster<\/span><\/p>\n<p><span style=\"color: black; font-family: Verdana,Georgia,Arial;\">&#8211; 2016: NRW-Certificate \u201eProfessional University Teaching Competences\u201c\u201c<\/span><\/p>\n<p><span style=\"color: black; font-family: Verdana,Georgia,Arial;\">&#8211; 2015 \u2013 2017: Field Research in Brazil (Mar\u00edlia, Itabuna) und Germany (Munich) on Spiritism and Mental Health<\/span><\/p>\n<p><span style=\"color: black; font-family: Verdana,Georgia,Arial;\">&#8211; Since 2015: Research Fellow within the externally funded project \u201eDiversification of Mental Health \u2013 Therapeutic Spaces of Brazilian Spiritism (German Research Foundation DFG)<\/span><\/p>\n<p><span style=\"color: black; font-family: Verdana,Georgia,Arial;\">&#8211; 2014 \u2013 2015: Lecturer at the Institute for Social Anthropology \/ WWU M\u00fcnster<\/span><\/p>\n<p><span style=\"color: black; font-family: Verdana,Georgia,Arial;\">&#8211; 2013 \u2013 2014: Research Assistant at the Institute for Social Anthropology \/ WWU M\u00fcnster<\/span><\/p>\n<p><span style=\"color: black; font-family: Verdana,Georgia,Arial;\">&#8211; 2011 \u2013 2012: Exploration in Brasilien zu Spiritismus und Mental Health<\/span><\/p>\n<p><span style=\"color: black; font-family: Verdana,Georgia,Arial;\">&#8211; 2010 \u2013 2013: Lecturer at the Institute for Social Anthropology \/ WWU M\u00fcnster<\/span><\/p>\n<p><span style=\"color: black; font-family: Verdana,Georgia,Arial;\">&#8211; Since 2010: PHD Programme of Social Antropology and Religious Studies \/ WWU M\u00fcnster<\/span><\/p>\n<p><span style=\"color: black; font-family: Verdana,Georgia,Arial;\">&#8211; 2009: Magister Artium (Thesis \u201ePerformanz und Modernit\u00e4t: Eine Studie des brasilianischen Candombl\u00e9)<\/span><\/p>\n<p><span style=\"color: black; font-family: Verdana,Georgia,Arial;\">&#8211; 2006 \u2013 2007: Field Research in Brazil (Bahia) on Candombl\u00e9<\/span><\/p>\n<p><span style=\"color: black; font-family: Verdana,Georgia,Arial;\">&#8211; 2003 \u2013 2009: Master Programme Social Anthropology, Religious Studies, Prehistoric Archeology \/ WWU M\u00fcnster <\/span><\/p>\n<p>&nbsp;<\/p>\n<p><strong><span style=\"color: black; font-family: Verdana,Georgia,Arial;\">Research Interests<\/span><\/strong><\/p>\n<p><span style=\"color: black; font-family: Verdana,Georgia,Arial;\">Mental Health; Trans\/Cultural Psychiatry; Spiritism; Ritual Theory; Interpretative &amp; Critical Medical anthropology; Anthropology of the Senses<\/span><\/p>\n<p>&nbsp;<\/p>\n<p><strong><span style=\"color: black; font-family: Verdana,Georgia,Arial;\">Research Area(s)<\/span><\/strong><\/p>\n<p><span style=\"color: black; font-family: Verdana,Georgia,Arial;\">South America (Brazil); Europe (Germany)<\/span><\/p>\n<p>&nbsp;<\/p>\n<p><strong><span style=\"color: black; font-family: Verdana,Georgia,Arial;\">Publikationen<\/span><\/strong><\/p>\n<p><span style=\"color: black; font-family: Verdana,Georgia,Arial;\"><em>Monographs and Edited Volumes<\/em><\/span><\/p>\n<p><span style=\"color: black; font-family: Verdana,Georgia,Arial;\">2013. \u201ePerformanz und Modernit\u00e4t im brasilianischen Candombl\u00e9: Eine Interpretation\u201c. Hamburg: Kovac.<\/span><\/p>\n<p><span style=\"color: black; font-family: Verdana,Georgia,Arial;\"><em>Journal Articles(peer-reviewed)<\/em><\/span><\/p>\n<p><span style=\"color: black; font-family: Verdana,Georgia,Arial;\">2015. \u201e\u2018Depression is not a Disease. It is a Spiritual Problem.\u2018 \u2013 Performance and Hybridization of Religion and Science within Brazilian Spiritist Healing Practices\u201d. In: Curare 38(3): 173-191.<\/span><\/p>\n<p><span style=\"color: black; font-family: Verdana,Georgia,Arial;\"><em>Other\/ Reviews<\/em><br \/>\n<\/span><\/p>\n<p><span style=\"color: black; font-family: Verdana,Georgia,Arial;\"><span style=\"color: black; font-family: Verdana,Georgia,Arial;\">2015. \u201eJulia Thiesbonenkamp-Maag 2014. \u201aWie eine Quelle in der W\u00fcste\u2018: F\u00fcrsorge und Selbstsorge bei der philippinisch-charismatischen Gruppe El-Shaddai in Frankfurt. Berlin: Reimer, 285 S.\u201c. In: Curare 38(4): 303-307.<br \/>\n<\/span><\/span><\/p>\n<p><span style=\"color: black; font-family: Verdana,Georgia,Arial;\"><span style=\"color: black; font-family: Verdana,Georgia,Arial;\"><span style=\"color: black; font-family: Verdana,Georgia,Arial;\">2014. \u201eWielant Machleidt 2013. Migration, Kultur und psychische Gesundheit. Dem Fremden begegnen. Stuttgart: Kohlhammer, 117 S.\u201c. In: Curare 37(4): 335-340.<br \/>\n<\/span><\/span><\/span><\/p>\n<p><span style=\"color: black; font-family: Verdana,Georgia,Arial;\"><span style=\"color: black; font-family: Verdana,Georgia,Arial;\"><span style=\"color: black; font-family: Verdana,Georgia,Arial;\"><span style=\"color: black; font-family: Verdana,Georgia,Arial;\">2014. \u201eGodula Kosack 2012. Magie \u2013 Die Kraft zum Schaden oder zum Guten. Bad Schussenried: Gerhard Hess Verlag, 389 S.\u201c. In: Curare 37(1): 77-78.<br \/>\n<\/span><\/span><\/span><\/span><\/p>\n<p>&nbsp;<\/p>\n<p><strong><span style=\"color: black; font-family: Verdana,Georgia,Arial;\">Conference Presentations<\/span><\/strong><span style=\"color: black; font-family: Verdana,Georgia,Arial;\"><em> (since 2007)<\/em><\/span><\/p>\n<p><span style=\"color: black; font-family: Verdana,Georgia,Arial;\">2017. \u201eHealing Cooperations of Spiritism, Biomedicine &amp; Psychiatry in Brazil: A Model for Complementary Medicine in Europe \/ Germany?\u201c. 30th Annual Conference of AGEM c\/o Media of Cooperation: \u201cHealing Cooperations. Cooperation with and without consensus in the Context of Illness and Healing\u201d. Siegen: 30.06.2017.<br \/>\n<\/span><\/p>\n<p><span style=\"color: black; font-family: Verdana,Georgia,Arial;\"><span style=\"color: black; font-family: Verdana,Georgia,Arial;\">2017. \u201cSpiritistische Institutionen in Deutschland als Orte des Wohlf\u00fchlens und der Begegnung brasilianischer Migranten und Einheimischer\u201c. Workshop der AG Medical Anthropology (DGV): \u201eSocial Anthropology of \u2018Well-Being\u2019 \u2013 Prek\u00e4res Leben: Krieg, Flucht, Migration\u201d. M\u00fcnster: 05.05.2017.<br \/>\n<\/span><\/span><\/p>\n<p><span style=\"color: black; font-family: Verdana,Georgia,Arial;\"><span style=\"color: black; font-family: Verdana,Georgia,Arial;\"><span style=\"color: black; font-family: Verdana,Georgia,Arial;\">2016. \u201c\u00c4sthetik des Heilens am Beispiel des Kardecismus in Brasilien\u201d. 29. Fachkonferenz Ethnomedizin \/ AGEM: \u201eMedizinethnologie 2016: The State oft the Art\u201c. Heidelberg: 18.06.2016.<br \/>\n<\/span><\/span><\/span><\/p>\n<p><span style=\"color: black; font-family: Verdana,Georgia,Arial;\"><span style=\"color: black; font-family: Verdana,Georgia,Arial;\"><span style=\"color: black; font-family: Verdana,Georgia,Arial;\"><span style=\"color: black; font-family: Verdana,Georgia,Arial;\">2016. \u201e\u2018Ist die Medizin noch ganz bei Sinnen?\u2018 Diskussion medizinethnologischer Ans\u00e4tze am Beispiel des brasilianischen Spiritismus\u201c. dgv-Studierendentagung 2016: \u201eKonventionsbr\u00fcche\u201c. G\u00f6ttingen: 15.05.2016.<br \/>\n<\/span><\/span><\/span><\/span><\/p>\n<p><span style=\"color: black; font-family: Verdana,Georgia,Arial;\"><span style=\"color: black; font-family: Verdana,Georgia,Arial;\"><span style=\"color: black; font-family: Verdana,Georgia,Arial;\"><span style=\"color: black; font-family: Verdana,Georgia,Arial;\"><span style=\"color: black; font-family: Verdana,Georgia,Arial;\">2016. \u201ePerformative Hybridization of Religion and Science in Brazilian Spiritist Healing Practices\u201c. 10th Anniversary of the ISSRNC: \u201cReligion, Science and the Future\u201d. Gainesville \/ Florida: 17.01.2016.<br \/>\n<\/span><\/span><\/span><\/span><\/span><\/p>\n<p><span style=\"color: black; font-family: Verdana,Georgia,Arial;\"><span style=\"color: black; font-family: Verdana,Georgia,Arial;\"><span style=\"color: black; font-family: Verdana,Georgia,Arial;\"><span style=\"color: black; font-family: Verdana,Georgia,Arial;\"><span style=\"color: black; font-family: Verdana,Georgia,Arial;\"><span style=\"color: black; font-family: Verdana,Georgia,Arial;\">2015. \u201eDie Afro-Brasilianische Religion Candombl\u00e9 in Bahia \u2013 Performative Transformation Individueller, Sozialer &amp; Nationaler Zugeh\u00f6rigkeit\u201c. DGV-Tagung 2015: \u201cKrisen. Re-Formation von Leben, Macht &amp; Welt\u201d. Marburg: 03.10.2015.<br \/>\n<\/span><\/span><\/span><\/span><\/span><\/span><\/p>\n<p><span style=\"color: black; font-family: Verdana,Georgia,Arial;\"><span style=\"color: black; font-family: Verdana,Georgia,Arial;\"><span style=\"color: black; font-family: Verdana,Georgia,Arial;\"><span style=\"color: black; font-family: Verdana,Georgia,Arial;\"><span style=\"color: black; font-family: Verdana,Georgia,Arial;\"><span style=\"color: black; font-family: Verdana,Georgia,Arial;\"><span style=\"color: black; font-family: Verdana,Georgia,Arial;\">2014. \u201e\u2018Depress\u00e3o n\u00e3o \u00e9 uma Doen\u00e7a \u2013 \u00e9 um Problema Spiritual.\u2019 (\u2018Depression ain\u2019t a Disease \u2013 it\u2019s a Spiritual Problem.\u2019). Performance &amp; Hybridity of Religious and Scientific Therapy Practice in Brazilian Spiritism\u201d. 27th Annual Conference of AGEM: \u201cGlobal Mental Health: Mental Health in Africa, Asia and Latin America from Anthropological and Cultural Psychiatric Points of View\u201d. Heidelberg: 26.06.2014.<br \/>\n<\/span><\/span><\/span><\/span><\/span><\/span><\/span><\/p>\n<p><span style=\"color: black; font-family: Verdana,Georgia,Arial;\"><span style=\"color: black; font-family: Verdana,Georgia,Arial;\"><span style=\"color: black; font-family: Verdana,Georgia,Arial;\"><span style=\"color: black; font-family: Verdana,Georgia,Arial;\"><span style=\"color: black; font-family: Verdana,Georgia,Arial;\"><span style=\"color: black; font-family: Verdana,Georgia,Arial;\"><span style=\"color: black; font-family: Verdana,Georgia,Arial;\"><span style=\"color: black; font-family: Verdana,Georgia,Arial;\">2012. \u201eSpiritism and Psychiatry in Brazil: Practices and Discourses in the Field of Religious and Scientific Hybridization\u201c. 15th Anniversary Conference of the Work Group Medical Anthropology of the German Anthropological Association: \u201cInterstices in Defining and Shifting Diagnostic Notions in Psychiatry and Beyond\u201d. Wien: 30.11.2012.<br \/>\n<\/span><\/span><\/span><\/span><\/span><\/span><\/span><\/span><\/p>\n","protected":false},"excerpt":{"rendered":"<p>hkurz_01[at]wwu.de &#8211; Since 2017: Programme Coordinator for the Master Programme \u201eSocial Anthropology\u201c at the Institute for Social Anthropology \/ WWU M\u00fcnster &#8211; 2016: NRW-Certificate \u201eProfessional University Teaching Competences\u201c\u201c &#8211; 2015 \u2013 2017: Field Research in Brazil (Mar\u00edlia, Itabuna) und Germany&hellip; <\/p>\n","protected":false},"author":4,"featured_media":0,"parent":56,"menu_order":0,"comment_status":"closed","ping_status":"closed","template":"","meta":{"footnotes":""},"class_list":["post-934","page","type-page","status-publish","hentry"],"_links":{"self":[{"href":"https:\/\/www.medicalanthropology.de\/english\/wp-json\/wp\/v2\/pages\/934","targetHints":{"allow":["GET"]}}],"collection":[{"href":"https:\/\/www.medicalanthropology.de\/english\/wp-json\/wp\/v2\/pages"}],"about":[{"href":"https:\/\/www.medicalanthropology.de\/english\/wp-json\/wp\/v2\/types\/page"}],"author":[{"embeddable":true,"href":"https:\/\/www.medicalanthropology.de\/english\/wp-json\/wp\/v2\/users\/4"}],"replies":[{"embeddable":true,"href":"https:\/\/www.medicalanthropology.de\/english\/wp-json\/wp\/v2\/comments?post=934"}],"version-history":[{"count":1,"href":"https:\/\/www.medicalanthropology.de\/english\/wp-json\/wp\/v2\/pages\/934\/revisions"}],"predecessor-version":[{"id":935,"href":"https:\/\/www.medicalanthropology.de\/english\/wp-json\/wp\/v2\/pages\/934\/revisions\/935"}],"up":[{"embeddable":true,"href":"https:\/\/www.medicalanthropology.de\/english\/wp-json\/wp\/v2\/pages\/56"}],"wp:attachment":[{"href":"https:\/\/www.medicalanthropology.de\/english\/wp-json\/wp\/v2\/media?parent=934"}],"curies":[{"name":"wp","href":"https:\/\/api.w.org\/{rel}","templated":true}]}}

<p><span style="color: black; font-family: Verdana,Georgia,Arial;"><a href="mailto:hkurz_01[at]wwu.de">hkurz_01[at]wwu.de</a></span></p>
<p><span style="color: black; font-family: Verdana,Georgia,Arial;">&#8211; Since 2017: Programme Coordinator for the Master Programme „Social Anthropology“ at the Institute for Social Anthropology / WWU Münster</span></p>
<p><span style="color: black; font-family: Verdana,Georgia,Arial;">&#8211; 2016: NRW-Certificate „Professional University Teaching Competences““</span></p>
<p><span style="color: black; font-family: Verdana,Georgia,Arial;">&#8211; 2015 – 2017: Field Research in Brazil (Marília, Itabuna) und Germany (Munich) on Spiritism and Mental Health</span></p>
<p><span style="color: black; font-family: Verdana,Georgia,Arial;">&#8211; Since 2015: Research Fellow within the externally funded project „Diversification of Mental Health – Therapeutic Spaces of Brazilian Spiritism (German Research Foundation DFG)</span></p>
<p><span style="color: black; font-family: Verdana,Georgia,Arial;">&#8211; 2014 – 2015: Lecturer at the Institute for Social Anthropology / WWU Münster</span></p>
<p><span style="color: black; font-family: Verdana,Georgia,Arial;">&#8211; 2013 – 2014: Research Assistant at the Institute for Social Anthropology / WWU Münster</span></p>
<p><span style="color: black; font-family: Verdana,Georgia,Arial;">&#8211; 2011 – 2012: Exploration in Brasilien zu Spiritismus und Mental Health</span></p>
<p><span style="color: black; font-family: Verdana,Georgia,Arial;">&#8211; 2010 – 2013: Lecturer at the Institute for Social Anthropology / WWU Münster</span></p>
<p><span style="color: black; font-family: Verdana,Georgia,Arial;">&#8211; Since 2010: PHD Programme of Social Antropology and Religious Studies / WWU Münster</span></p>
<p><span style="color: black; font-family: Verdana,Georgia,Arial;">&#8211; 2009: Magister Artium (Thesis „Performanz und Modernität: Eine Studie des brasilianischen Candomblé)</span></p>
<p><span style="color: black; font-family: Verdana,Georgia,Arial;">&#8211; 2006 – 2007: Field Research in Brazil (Bahia) on Candomblé</span></p>
<p><span style="color: black; font-family: Verdana,Georgia,Arial;">&#8211; 2003 – 2009: Master Programme Social Anthropology, Religious Studies, Prehistoric Archeology / WWU Münster </span></p>
<p>&nbsp;</p>
<p><strong><span style="color: black; font-family: Verdana,Georgia,Arial;">Research Interests</span></strong></p>
<p><span style="color: black; font-family: Verdana,Georgia,Arial;">Mental Health; Trans/Cultural Psychiatry; Spiritism; Ritual Theory; Interpretative &amp; Critical Medical anthropology; Anthropology of the Senses</span></p>
<p>&nbsp;</p>
<p><strong><span style="color: black; font-family: Verdana,Georgia,Arial;">Research Area(s)</span></strong></p>
<p><span style="color: black; font-family: Verdana,Georgia,Arial;">South America (Brazil); Europe (Germany)</span></p>
<p>&nbsp;</p>
<p><strong><span style="color: black; font-family: Verdana,Georgia,Arial;">Publikationen</span></strong></p>
<p><span style="color: black; font-family: Verdana,Georgia,Arial;"><em>Monographs and Edited Volumes</em></span></p>
<p><span style="color: black; font-family: Verdana,Georgia,Arial;">2013. „Performanz und Modernität im brasilianischen Candomblé: Eine Interpretation“. Hamburg: Kovac.</span></p>
<p><span style="color: black; font-family: Verdana,Georgia,Arial;"><em>Journal Articles(peer-reviewed)</em></span></p>
<p><span style="color: black; font-family: Verdana,Georgia,Arial;">2015. „‘Depression is not a Disease. It is a Spiritual Problem.‘ – Performance and Hybridization of Religion and Science within Brazilian Spiritist Healing Practices”. In: Curare 38(3): 173-191.</span></p>
<p><span style="color: black; font-family: Verdana,Georgia,Arial;"><em>Other/ Reviews</em><br />
</span></p>
<p><span style="color: black; font-family: Verdana,Georgia,Arial;"><span style="color: black; font-family: Verdana,Georgia,Arial;">2015. „Julia Thiesbonenkamp-Maag 2014. ‚Wie eine Quelle in der Wüste‘: Fürsorge und Selbstsorge bei der philippinisch-charismatischen Gruppe El-Shaddai in Frankfurt. Berlin: Reimer, 285 S.“. In: Curare 38(4): 303-307.<br />
</span></span></p>
<p><span style="color: black; font-family: Verdana,Georgia,Arial;"><span style="color: black; font-family: Verdana,Georgia,Arial;"><span style="color: black; font-family: Verdana,Georgia,Arial;">2014. „Wielant Machleidt 2013. Migration, Kultur und psychische Gesundheit. Dem Fremden begegnen. Stuttgart: Kohlhammer, 117 S.“. In: Curare 37(4): 335-340.<br />
</span></span></span></p>
<p><span style="color: black; font-family: Verdana,Georgia,Arial;"><span style="color: black; font-family: Verdana,Georgia,Arial;"><span style="color: black; font-family: Verdana,Georgia,Arial;"><span style="color: black; font-family: Verdana,Georgia,Arial;">2014. „Godula Kosack 2012. Magie – Die Kraft zum Schaden oder zum Guten. Bad Schussenried: Gerhard Hess Verlag, 389 S.“. In: Curare 37(1): 77-78.<br />
</span></span></span></span></p>
<p>&nbsp;</p>
<p><strong><span style="color: black; font-family: Verdana,Georgia,Arial;">Conference Presentations</span></strong><span style="color: black; font-family: Verdana,Georgia,Arial;"><em> (since 2007)</em></span></p>
<p><span style="color: black; font-family: Verdana,Georgia,Arial;">2017. „Healing Cooperations of Spiritism, Biomedicine &amp; Psychiatry in Brazil: A Model for Complementary Medicine in Europe / Germany?“. 30th Annual Conference of AGEM c/o Media of Cooperation: “Healing Cooperations. Cooperation with and without consensus in the Context of Illness and Healing”. Siegen: 30.06.2017.<br />
</span></p>
<p><span style="color: black; font-family: Verdana,Georgia,Arial;"><span style="color: black; font-family: Verdana,Georgia,Arial;">2017. “Spiritistische Institutionen in Deutschland als Orte des Wohlfühlens und der Begegnung brasilianischer Migranten und Einheimischer“. Workshop der AG Medical Anthropology (DGV): „Social Anthropology of ‘Well-Being’ – Prekäres Leben: Krieg, Flucht, Migration”. Münster: 05.05.2017.<br />
</span></span></p>
<p><span style="color: black; font-family: Verdana,Georgia,Arial;"><span style="color: black; font-family: Verdana,Georgia,Arial;"><span style="color: black; font-family: Verdana,Georgia,Arial;">2016. “Ästhetik des Heilens am Beispiel des Kardecismus in Brasilien”. 29. Fachkonferenz Ethnomedizin / AGEM: „Medizinethnologie 2016: The State oft the Art“. Heidelberg: 18.06.2016.<br />
</span></span></span></p>
<p><span style="color: black; font-family: Verdana,Georgia,Arial;"><span style="color: black; font-family: Verdana,Georgia,Arial;"><span style="color: black; font-family: Verdana,Georgia,Arial;"><span style="color: black; font-family: Verdana,Georgia,Arial;">2016. „‘Ist die Medizin noch ganz bei Sinnen?‘ Diskussion medizinethnologischer Ansätze am Beispiel des brasilianischen Spiritismus“. dgv-Studierendentagung 2016: „Konventionsbrüche“. Göttingen: 15.05.2016.<br />
</span></span></span></span></p>
<p><span style="color: black; font-family: Verdana,Georgia,Arial;"><span style="color: black; font-family: Verdana,Georgia,Arial;"><span style="color: black; font-family: Verdana,Georgia,Arial;"><span style="color: black; font-family: Verdana,Georgia,Arial;"><span style="color: black; font-family: Verdana,Georgia,Arial;">2016. „Performative Hybridization of Religion and Science in Brazilian Spiritist Healing Practices“. 10th Anniversary of the ISSRNC: “Religion, Science and the Future”. Gainesville / Florida: 17.01.2016.<br />
</span></span></span></span></span></p>
<p><span style="color: black; font-family: Verdana,Georgia,Arial;"><span style="color: black; font-family: Verdana,Georgia,Arial;"><span style="color: black; font-family: Verdana,Georgia,Arial;"><span style="color: black; font-family: Verdana,Georgia,Arial;"><span style="color: black; font-family: Verdana,Georgia,Arial;"><span style="color: black; font-family: Verdana,Georgia,Arial;">2015. „Die Afro-Brasilianische Religion Candomblé in Bahia – Performative Transformation Individueller, Sozialer &amp; Nationaler Zugehörigkeit“. DGV-Tagung 2015: “Krisen. Re-Formation von Leben, Macht &amp; Welt”. Marburg: 03.10.2015.<br />
</span></span></span></span></span></span></p>
<p><span style="color: black; font-family: Verdana,Georgia,Arial;"><span style="color: black; font-family: Verdana,Georgia,Arial;"><span style="color: black; font-family: Verdana,Georgia,Arial;"><span style="color: black; font-family: Verdana,Georgia,Arial;"><span style="color: black; font-family: Verdana,Georgia,Arial;"><span style="color: black; font-family: Verdana,Georgia,Arial;"><span style="color: black; font-family: Verdana,Georgia,Arial;">2014. „‘Depressão não é uma Doença – é um Problema Spiritual.’ (‘Depression ain’t a Disease – it’s a Spiritual Problem.’). Performance &amp; Hybridity of Religious and Scientific Therapy Practice in Brazilian Spiritism”. 27th Annual Conference of AGEM: “Global Mental Health: Mental Health in Africa, Asia and Latin America from Anthropological and Cultural Psychiatric Points of View”. Heidelberg: 26.06.2014.<br />
</span></span></span></span></span></span></span></p>
<p><span style="color: black; font-family: Verdana,Georgia,Arial;"><span style="color: black; font-family: Verdana,Georgia,Arial;"><span style="color: black; font-family: Verdana,Georgia,Arial;"><span style="color: black; font-family: Verdana,Georgia,Arial;"><span style="color: black; font-family: Verdana,Georgia,Arial;"><span style="color: black; font-family: Verdana,Georgia,Arial;"><span style="color: black; font-family: Verdana,Georgia,Arial;"><span style="color: black; font-family: Verdana,Georgia,Arial;">2012. „Spiritism and Psychiatry in Brazil: Practices and Discourses in the Field of Religious and Scientific Hybridization“. 15th Anniversary Conference of the Work Group Medical Anthropology of the German Anthropological Association: “Interstices in Defining and Shifting Diagnostic Notions in Psychiatry and Beyond”. Wien: 30.11.2012.<br />
</span></span></span></span></span></span></span></span></p>

<p>hkurz_01[at]wwu.de &#8211; Since 2017: Programme Coordinator for the Master Programme „Social Anthropology“ at the Institute for Social Anthropology / WWU Münster &#8211; 2016: NRW-Certificate „Professional University Teaching Competences““ &#8211; 2015 – 2017: Field Research in Brazil (Marília, Itabuna) und Germany&hellip; </p>
