{"id":52,"date":"2014-02-22T15:02:45","date_gmt":"2014-02-22T13:02:45","guid":{"rendered":"https:\/\/www.medicalanthropology.de\/english\/?page_id=52"},"modified":"2018-01-02T21:31:22","modified_gmt":"2018-01-02T20:31:22","slug":"a-c","status":"publish","type":"page","link":"https:\/\/www.medicalanthropology.de\/english\/members\/a-c\/","title":{"rendered":"A &#8211; C"},"content":{"rendered":"<div>\n<p><span style=\"color: black; font-family: Verdana,Georgia,Arial;\"><a title=\"Adam, Yvonne\" href=\"https:\/\/www.medicalanthropology.de\/english\/members\/a-c\/adam-yvonne\/\">Adam, Yvonne<\/a><\/span><\/p>\n<p><span style=\"color: black; font-family: Verdana,Georgia,Arial;\"><a title=\"B\u00e4rnreuther, Sandra\" href=\" https:\/\/www.medicalanthropology.de\/english\/sandra-barnreuther\/\">B\u00e4rnreuther, Sandra<\/a><\/span><\/p>\n<p><span style=\"color: black; font-family: Verdana,Georgia,Arial;\"><a title=\"Beckmann, Nadine\" href=\"https:\/\/www.medicalanthropology.de\/english\/members\/a-c\/beckmann-nadine\/\">Beckmann, Nadine<\/a><\/span><\/p>\n<p><span style=\"color: black; font-family: Verdana,Georgia,Arial;\"><a title=\"Besch, Florian\" href=\"https:\/\/www.medicalanthropology.de\/english\/members\/a-c\/besch-florian\/\">Besch, Florian<\/a><\/span><\/p>\n<p><span style=\"color: black; font-family: Verdana,Georgia,Arial;\"><a title=\"B\u00f6ckmann, Melanie\" href=\" https:\/\/www.medicalanthropology.de\/english\/members\/a-c\/bockmann-melanie\/\">B\u00f6ckmann, Melanie<\/a><\/span><\/p>\n<p><span style=\"color: black; font-family: Verdana,Georgia,Arial;\"><a title=\"B\u00f6hmig, Christine\" href=\"https:\/\/www.medicalanthropology.de\/english\/members\/a-c\/bohmig-christine\/\">B\u00f6hmig, Christine<\/a><\/span><\/p>\n<p><span style=\"color: black; font-family: Verdana,Georgia,Arial;\"><a title=\"Brandner, Susanne\" href=\"https:\/\/www.medicalanthropology.de\/english\/members\/a-c\/brandner-susanne\/\">Brandner, Susanne<\/a><\/span><\/p>\n<p><span style=\"color: black; font-family: Verdana,Georgia,Arial;\"><a title=\"Brocco,\" href=\"https:\/\/www.medicalanthropology.de\/english\/members\/a-c\/brocco-giorgio\/\" target=\"_blank\" rel=\"noopener\">Brocco, Giorgio<\/a><\/span><\/p>\n<p><span style=\"color: black; font-family: Verdana,Georgia,Arial;\"><a title=\"Bruchhausen, Walter\" href=\"https:\/\/www.medicalanthropology.de\/english\/members\/a-c\/bruchhausen-walter\/\">Bruchhausen, Walter<\/a><\/span><\/p>\n<p><span style=\"color: black; font-family: Verdana,Georgia,Arial;\"><a title=\"B\u00fcchi, Silvia\" href=\"https:\/\/www.medicalanthropology.de\/english\/members\/a-c\/buchi-silvia\/\">B\u00fcchi, Silvia<\/a><\/span><\/p>\n<p><span style=\"color: black; font-family: Verdana,Georgia,Arial;\"><a title=\"Buhl, Andrea\" href=\"https:\/\/www.medicalanthropology.de\/english\/buhl-andrea\/\">Buhl, Andrea<\/a><\/span><\/p>\n<\/div>\n","protected":false},"excerpt":{"rendered":"<p>Adam, Yvonne B\u00e4rnreuther, Sandra Beckmann, Nadine Besch, Florian B\u00f6ckmann, Melanie B\u00f6hmig, Christine Brandner, Susanne Brocco, Giorgio Bruchhausen, Walter B\u00fcchi, Silvia Buhl, Andrea<\/p>\n","protected":false},"author":1,"featured_media":0,"parent":21,"menu_order":1,"comment_status":"closed","ping_status":"open","template":"","meta":{"footnotes":""},"class_list":["post-52","page","type-page","status-publish","hentry"],"_links":{"self":[{"href":"https:\/\/www.medicalanthropology.de\/english\/wp-json\/wp\/v2\/pages\/52","targetHints":{"allow":["GET"]}}],"collection":[{"href":"https:\/\/www.medicalanthropology.de\/english\/wp-json\/wp\/v2\/pages"}],"about":[{"href":"https:\/\/www.medicalanthropology.de\/english\/wp-json\/wp\/v2\/types\/page"}],"author":[{"embeddable":true,"href":"https:\/\/www.medicalanthropology.de\/english\/wp-json\/wp\/v2\/users\/1"}],"replies":[{"embeddable":true,"href":"https:\/\/www.medicalanthropology.de\/english\/wp-json\/wp\/v2\/comments?post=52"}],"version-history":[{"count":10,"href":"https:\/\/www.medicalanthropology.de\/english\/wp-json\/wp\/v2\/pages\/52\/revisions"}],"predecessor-version":[{"id":986,"href":"https:\/\/www.medicalanthropology.de\/english\/wp-json\/wp\/v2\/pages\/52\/revisions\/986"}],"up":[{"embeddable":true,"href":"https:\/\/www.medicalanthropology.de\/english\/wp-json\/wp\/v2\/pages\/21"}],"wp:attachment":[{"href":"https:\/\/www.medicalanthropology.de\/english\/wp-json\/wp\/v2\/media?parent=52"}],"curies":[{"name":"wp","href":"https:\/\/api.w.org\/{rel}","templated":true}]}}