{"id":295,"date":"2014-07-17T09:22:15","date_gmt":"2014-07-17T07:22:15","guid":{"rendered":"https:\/\/www.medicalanthropology.de\/english\/?page_id=295"},"modified":"2015-05-29T16:23:14","modified_gmt":"2015-05-29T15:23:14","slug":"worrle-bernhard","status":"publish","type":"page","link":"https:\/\/www.medicalanthropology.de\/english\/members\/t-z\/worrle-bernhard\/","title":{"rendered":"W\u00f6rrle, Bernhard"},"content":{"rendered":"<p><span style=\"color: black; font-family: Verdana,Georgia,Arial;\"><a href=\"mailto:bernhard_woerrle[at]gmx.de\">bernhard_woerrle[at]gmx.de<\/a><\/span><\/p>\n<p>&nbsp;<\/p>\n<p><strong><span style=\"color: black; font-family: Verdana,Georgia,Arial;\">Research Interests<\/span><\/strong><\/p>\n<p><span style=\"color: black; font-family: Verdana,Georgia,Arial;\">Shamanism; interethnic healer relationships; patient behaviour in medical pluralism (Ecuador); bioprospection and indigenous knowledge.<\/span><\/p>\n<p>&nbsp;<\/p>\n<p><strong><span style=\"color: black; font-family: Verdana,Georgia,Arial;\">Research Area(s)<\/span><\/strong><\/p>\n<p><span style=\"color: black; font-family: Verdana,Georgia,Arial;\">Ecuador<\/span><\/p>\n<p>&nbsp;<\/p>\n<p><strong><span style=\"color: black; font-family: Verdana,Georgia,Arial;\">Publications<\/span><\/strong><br \/>\n<span style=\"color: black; font-family: Verdana,Georgia,Arial;\"><em>Monographs and Edited Volumes<\/em><\/span><\/p>\n<p><span style=\"color: black; font-family: Verdana,Georgia,Arial;\">2003. (Hrsg., gemeinsam mit Dagmar Schweitzer de Palacios) Heiler zwischen den Welten. Transkulturelle Austauschprozesse im Schamanismus Ecuadors. Marburg: Curupira.<\/span><\/p>\n<p><span style=\"color: black; font-family: Verdana,Georgia,Arial;\">2002. Heiler, Rituale und Patienten: Schamanismus in den Anden Ecuadors. Berlin: Dietrich Reimer Verlag. <\/span><\/p>\n<p><span style=\"color: black; font-family: Verdana,Georgia,Arial;\">1999. De la cocina a la brujer\u00eda: La sal entre ind\u00edgenas y mestizos en Am\u00e9rica Latina. Quito: Abya Yala. <\/span><\/p>\n<p><span style=\"color: black; font-family: Verdana,Georgia,Arial;\">1996. Vom Kochen bis zum Schadenszauber: Das Salz bei Indianern und Mestizen Lateinamerikas. M\u00fcnchen: Akademischer Verlag.<\/span><\/p>\n<p><span style=\"color: black; font-family: Verdana,Georgia,Arial;\"><em>Chapters in Edited Books<\/em><\/span><\/p>\n<p><span style=\"color: black; font-family: Verdana,Georgia,Arial;\">2010. (gemeinsam mit Michael Knipper) &#8221; &#8216;Traditionelle Medizin&#8217; als strategische Ressource&#8221;. In: Dilger, Hansj\u00f6rg &amp; Hadolt, Bernhard (Hrsg.): Medizin im Kontext. Krankheit und Gesundheit in einer vernetzten Welt. Frankfurt a. M.: Peter Lang: 201f. <\/span><\/p>\n<p><span style=\"color: black; font-family: Verdana,Georgia,Arial;\">2008. &#8220;Zwischen Aufwertung und Ausverkauf: Amazonische Indianerorganisationen und die Konvention \u00fcber die biologische Vielfalt&#8221;. In: Amelung, Merle et al. (Hrsg.): Indiegegenwart: Indigene Realit\u00e4ten im s\u00fcdamerikanischen Tiefland. (Estudios Indiana 1). Berlin: Gebr. Mann Verlag: 125-140. <\/span><\/p>\n<p><span style=\"color: black; font-family: Verdana,Georgia,Arial;\">2008. &#8220;Hacia un modelo cooperativo para el uso comercial de plantas medicinales y conocimientos tradicionales en la Amazon\u00eda ecuatoriana&#8221;. In: Sevilla, Rafael &amp; Str\u00f6bele-Gregor, Juliana (Hrsg.): Pueblos ind\u00edgenas: Derecho, estrategias econ\u00f3micas y desarrollo con identidad. Foro de Di\u00e1logo Europa-Pueblos Ind\u00edgenas de Am\u00e9rica Latina y el Caribe. Bad Honnef: Horlemann: 231-239. <\/span><\/p>\n<p><span style=\"color: black; font-family: Verdana,Georgia,Arial;\">2003. (gemeinsam mit Dagmar Schweitzer de Palacios) Einf\u00fchrung. In: Schweitzer de Palacios, Dagmar &amp; W\u00f6rrle, Bernhard (Hrsg.): Heiler zwischen den Welten. Transkulturelle Austauschprozesse im Schamanismus Ecuadors. Marburg: Curupira: 7-25.<\/span><\/p>\n<p><span style=\"color: black; font-family: Verdana,Georgia,Arial;\">2003. &#8220;Wissen, Macht und fremde Federn: Interethnische Heilerbeziehungen in Nordecuador&#8221;. In: Schweitzer de Palacios, Dagmar &amp; W\u00f6rrle, Bernhard (Hrsg.): Heiler zwischen den Welten. Transkulturelle Austauschprozesse im Schamanismus Ecuadors. Marburg: Curupira: 27-71. <\/span><\/p>\n<p><span style=\"color: black; font-family: Verdana,Georgia,Arial;\">2003. &#8220;Von Opfern und T\u00e4tern: Schadenszauber in der Region von Otavalo, Ecuador&#8221;. In: Bruchhausen, Walter (Hrsg.): Hexerei und Krankheit. Historische und ethnologische Perspektiven. (Bonner Beitr\u00e4ge zur Geschichte, Anthropologie und Ethik der Medizin 1). M\u00fcnster: LIT Verlag: 171-194.<\/span><\/p>\n<p><span style=\"color: black; font-family: Verdana,Georgia,Arial;\"><em>Journal Articles<\/em><\/span><\/p>\n<p><span style=\"color: black; font-family: Verdana,Georgia,Arial;\">2010. &#8220;Dynamik und Statik auf einem zeitgen\u00f6ssischen Schamanen-Altar aus Nordperu: Die Entwicklung der mesa von Eduardo Calder\u00f3n&#8221;. In: Archiv f\u00fcr V\u00f6lkerkunde, Wien. (Im Erscheinen). <\/span><\/p>\n<p><span style=\"color: black; font-family: Verdana,Georgia,Arial;\">2008. &#8220;Das Ayahuasca-Patent: Mythos und Realit\u00e4t&#8221;. In: Lateinamerika anders &#8211; \u00d6sterreichs Zeitschrift f\u00fcr Lateinamerika und die Karibik Nr. 4 \/2008: 25f. <\/span><\/p>\n<p><span style=\"color: black; font-family: Verdana,Georgia,Arial;\">2006. &#8220;Patientenverhalten und Kultur. Medizinethnologische Forschungsergebnisse aus Lateinamerika&#8221;. In: Bulletin Medicus Mundi Schweiz Nr. 100: Gesundheit und kulturelle Dynamik.: 17-19. http:\/\/www.medicusmundi.ch\/mms\/services\/bulletin\/bulletin200602\/kap1\/01woerrle.html <\/span><\/p>\n<p><span style=\"color: black; font-family: Verdana,Georgia,Arial;\">2004. &#8220;Lateinamerika &#8211; Patienten und Heiler zwischen den medizinischen Systemen&#8221;. In: Curare 27 (1+2): 115-127. <\/span><\/p>\n<p><span style=\"color: black; font-family: Verdana,Georgia,Arial;\">2004. &#8220;La Virgen, las enfermedades y los esp\u00edritus: Pluralismo m\u00e9dico y romer\u00edas ind\u00edgenas a El Quinche, Ecuador&#8221;. In: Journal of Latin American Lore 22 (2): 239-260. <\/span><\/p>\n<p><span style=\"color: black; font-family: Verdana,Georgia,Arial;\">2004. &#8220;Pluralismo m\u00e9dico y romer\u00edas ind\u00edgenas a El Quinche, Ecuador&#8221;. In: Bolet\u00edn Ecuatoriano de Salud P\u00fablica y Desarrollo de Sistemas de Salud, Nr. 10: 81-96.<\/span><\/p>\n<p><span style=\"color: black; font-family: Verdana,Georgia,Arial;\">2004. &#8220;Traditionelle Heiler und die westliche Medizin: Anpassungs- und Abgrenzungsprozesse bei den Schamanen Ecuadors&#8221;. In: journal-ethnologie.de 01\/2004, Schwerpunktthema &#8220;Traditionelle und moderne Medizin&#8221;. http:\/\/www.journal-ethnologie.de\/ <\/span><\/p>\n<p><span style=\"color: black; font-family: Verdana,Georgia,Arial;\">2003. &#8220;Heilige Jungfrauen, Krankheiten und wilde Geister: Indianische Wallfahrten nach El Quinche, Ecuador&#8221;. In: Curare 26 (1+2): 81-94. <\/span><\/p>\n<p><span style=\"color: black; font-family: Verdana,Georgia,Arial;\">2000. &#8220;Der Sexgeist und der Chusalungu. \u00dcberlegungen zum Mythos bei &#8216;postmodernen&#8217; Indianern&#8221;. In: Anthropos 95 (2): 542-548. <\/span><\/p>\n<p><span style=\"color: black; font-family: Verdana,Georgia,Arial;\">1998. &#8220;La sal, la medicina y el ganado&#8221;. In: Montalb\u00e1n 31, Caracas: 141-167.<\/span><\/p>\n<p><span style=\"color: black; font-family: Verdana,Georgia,Arial;\">1997. &#8220;Das Salz in der traditionellen Medizin Lateinamerikas: Ein &#8216;hei\u00dfes&#8217; Heilmittel gegen &#8216;kalte&#8217; Krankheiten&#8221;. In: Curare 20 (2): 295-309. <\/span><\/p>\n<p><span style=\"color: black; font-family: Verdana,Georgia,Arial;\">1997. &#8220;Das Salz, das Ungl\u00fcck und das &#8216;Asoziale&#8217;: Zur Bedeutung von Salz bei Indianern und Mestizen Lateinamerikas&#8221;. In: Journal of Salt-History, Vol. 5: 29-52. <\/span><\/p>\n<p><em><span style=\"color: black; font-family: Verdana,Georgia,Arial;\"><span style=\"color: black; font-family: Verdana,Georgia,Arial;\"><em>Other<\/em><\/span> <\/span><\/em><\/p>\n<p><span style=\"color: black; font-family: Verdana,Georgia,Arial;\">2009. Lyons, Barry J. 2006: Remembering the Hacienda. Religion, Authority, and Social Change in Highland Ecuador. Austin: University of Texas Press. In: Anthropos 104 (2): 612. <\/span><\/p>\n<p><span style=\"color: black; font-family: Verdana,Georgia,Arial;\">2009. R\u00f6\u00dfler, Maren 2008: Zwischen Amazonas und East River. Indigene Bewegungen und ihre Repr\u00e4sentation in Peru und bei der UNO. In: Anthropos 104 (1): 253f. 2006. Schareika, Nikolaus &amp; Bierschenk, Thomas (Hrsg.) 2004: Lokales Wissen &#8211; Sozialwissenschaftliche Perspektiven. In: Anthropos 101 (2): 650f.<\/span><\/p>\n<p><span style=\"color: black; font-family: Verdana,Georgia,Arial;\">2006. Brown, Michael F. 2003: Who owns native culture? In: Anthropos 101 (1): 257f. <\/span><\/p>\n<p><span style=\"color: black; font-family: Verdana,Georgia,Arial;\">2005. Laird, Sarah A. (ed.) 2002: Biodiversity and Traditional Knowledge: Equitable Partnerships in Practice. In: Anthropos 100 (1): 273f. <\/span><\/p>\n<p><span style=\"color: black; font-family: Verdana,Georgia,Arial;\">2005. Lux, Thomas (Hrsg.) 2003: Kulturelle Dimensionen der Medizin. Ethnomedizin &#8211; Medizinethnologie &#8211; Medical Anthropology. In: Anthropos 100 (1): 280f.<\/span><\/p>\n<p><span style=\"color: black; font-family: Verdana,Georgia,Arial;\">2004. Koss-Chioino, Joan D. \/ Leatherman, Thomas \/ Greenway, Christine (Hrsg.) 2003: Medical Pluralism in the Andes. In: Anthropos 99 (1): 282f. <\/span><\/p>\n<p><span style=\"color: black; font-family: Verdana,Georgia,Arial;\">2003. M\u00fcller, Klaus E. 2003. Nektar und Ambrosia. Kleine Ethnologie des Essens und Trinkens. http:\/\/www.amazon.de <\/span><\/p>\n<p><span style=\"color: black; font-family: Verdana,Georgia,Arial;\">2003. Gow, Peter 2001: An Amazonian Myth and Its History. In: Anthropos 98 (2): 559-561.<\/span><\/p>\n<p><span style=\"color: black; font-family: Verdana,Georgia,Arial;\">2002. Harrison, Lawrence E. &amp; Huntington, Samuel P. (Hrsg.) 2002: Streit um Werte: Wie Kulturen den Fortschritt pr\u00e4gen. http:\/\/www.amazon.de<\/span><\/p>\n<p><span style=\"color: black; font-family: Verdana,Georgia,Arial;\">1998. Schweitzer de Palacios, Dagmar 1994: Cambiashun. Las pr\u00e1cticas m\u00e9dicas tradicionales y sus expertos en San Miguel del Com\u00fan, una comuna ind\u00edgena en los alrededores de Quito. In: Cargo 23: 56<br \/>\nGutachten <\/span><\/p>\n<p><span style=\"color: black; font-family: Verdana,Georgia,Arial;\">2005. Zugang zu biologischen Ressourcen und indigene Partizipation in Ecuador. Gutachten f\u00fcr ProBenefit (www.probenefit.de).<\/span><\/p>\n<p><span style=\"color: black; font-family: Verdana,Georgia,Arial;\">2003. (gemeinsam mit Gisela Burckhardt und Jutta Illert) Bek\u00e4mpfung der Jugendarmut in Guatemala. Evaluierungsbericht zu zwei Projekten der GTZ. Gutachten f\u00fcr das Bundesministerium f\u00fcr wirtschaftliche Zusammenarbeit und Entwicklung, Bonn. <\/span><\/p>\n<p>&nbsp;<\/p>\n<p><strong><span style=\"color: black; font-family: Verdana,Georgia,Arial;\"><strong><span style=\"color: black; font-family: Verdana,Georgia,Arial;\">Conference Presentations<\/span><\/strong><\/span><\/strong><\/p>\n<p><span style=\"color: black; font-family: Verdana,Georgia,Arial;\">2007. &#8220;Der Streit um Biodiversit\u00e4t und indigenes Wissen&#8221;. Gastvortrag im Rahmen des Seminars &#8220;Aktuelle Konfliktfelder in Lateinamerika&#8221; Schwerpunkt: Mexico, Bolivien und Ecuador&#8221;, Lateinamerika-Institut der Freien Universit\u00e4t Berlin, 14.6.2007. <\/span><\/p>\n<p><span style=\"color: black; font-family: Verdana,Georgia,Arial;\">2007. &#8220;Kulturspezifische Krankheitskonzepte als Hindernis? Akzeptanz und Nichtakzeptanz westlich gepr\u00e4gter Gesundheitsprojekte in der Region von Otavalo, Ecuador&#8221;. 23. Jahrestagung der Arbeitsgemeinschaft \u00d6sterreichische Lateinamerika-Forschung, Arbeitskreis &#8220;Medizinischer Pluralismus&#8221;. Strobl, 1.-3.6.2007. <\/span><\/p>\n<p><span style=\"color: black; font-family: Verdana,Georgia,Arial;\">2007. &#8220;Die kommerzielle Nutzung indianischer Heilpflanzen und das Prinzip der vorherigen informierten Zustimmung: Erfahrungen eines Pilotprojekts im Amazonastiefland Ecuadors&#8221;. 4. Treffen deutschsprachiger S\u00fcdamerika- und Karibikforscherinnen, Workshop &#8220;S\u00fcdamerikanische Indianerorganisationen vor neuen Herausforderungen: Konflikte um nat\u00fcrliche Ressourcen und indigenes Wissen&#8221;. Wien, 1.-4.3.2007. <\/span><\/p>\n<p><span style=\"color: black; font-family: Verdana,Georgia,Arial;\">2007. &#8220;Wissenschaft in einem heiklen Feld: Forschungen \u00fcber traditionelles Wissen und biologische Ressourcen aus den L\u00e4ndern des S\u00fcdens&#8221;. BetreuerInnentreffen des Nord-S\u00fcd-Dialog-Stipendienprogramms des \u00d6sterreichischen Austauschdiensts (\u00d6AD). Wien, 16.1.2007. <\/span><\/p>\n<p><span style=\"color: black; font-family: Verdana,Georgia,Arial;\">2006. &#8220;Traditionelles medizinisches Wissen als Ressource &#8211; Erfahrungen aus einem Heilpflanzenprojekt in Amazonien&#8221;. Ethnomedizinischer Lateinamerika-Arbeitskreis (EMLAAK). Wien, 14.12.2006. <\/span><\/p>\n<p><span style=\"color: black; font-family: Verdana,Georgia,Arial;\">2006. &#8220;Buscando un modelo cooperativo para el uso comercial de plantas medicinales y conocimientos tradicionales en la Amazon\u00eda ecuatoriana&#8221;. II Simposio pluridisciplinario con pueblos ind\u00edgenas: &#8220;Derecho, estrategias econ\u00f3micas y desarrollo con identidad en Am\u00e9rica Latina.&#8221;Centro de Comunicaci\u00f3n Cient\u00edfica con Ibero-Am\u00e9rica, T\u00fcbingen, Lateinamerika Institut der Freien Universit\u00e4t Berlin, Fondo Ind\u00edgena, La Paz, und Akademie der Di\u00f6zese Rottenburg-Stuttgart. Weingarten, 14.-16.7.2006. <\/span><\/p>\n<p><span style=\"color: black; font-family: Verdana,Georgia,Arial;\">2006. &#8220;Traditionelles medizinisches Wissen als Ressource: politische, \u00f6konomische und rechtliche Aspekte medizinethnologischer Forschungen &#8211; Erfahrungen aus einem Heilpflanzenprojekt in Amazonien&#8221;. Workshop der AG Medical Anthropology, Medizinhistorisches Institut der Universit\u00e4t Giessen, 28.-30.6.2006. <\/span><\/p>\n<p><span style=\"color: black; font-family: Verdana,Georgia,Arial;\">2006. &#8220;Bioprospektion zu fairen Bedingungen? &#8211; Erfahrungen eines Access &amp; benefit sharing-Projekts im Amazonastiefland Ecuadors&#8221;. 22. Jahrestagung der Arbeitsgemeinschaft \u00d6sterreichische Lateinamerika-Forschung, Arbeitskreis &#8220;Naturwissenschaften, Umwelt und Technologie&#8221;. Strobl, 16.-18.6.2006. <\/span><\/p>\n<p><span style=\"color: black; font-family: Verdana,Georgia,Arial;\">2006. &#8220;Ein nordperuanischer Heiler und seine Kraftobjekte: Die Mesa von Eduardo Calder\u00f3n&#8221;. Ethnographisches Kabinett, Museum f\u00fcr V\u00f6lkerkunde, Wien, 5. und 6.4.2006. <\/span><\/p>\n<p><span style=\"color: black; font-family: Verdana,Georgia,Arial;\">2006. &#8220;Die Mesa als transkultureller Mikrokosmos: Globalisierungsprozesse im Schamanismus S\u00fcdamerikas&#8221;. Tage der Kultur- und Sozialanthropologie 2006, Workshop &#8220;Transkulturelle R\u00e4ume im globalen Kontext: Tourismus, Medien, Macht&#8221;. Institut f\u00fcr Kultur- und Sozialanthropologie der Universit\u00e4t Wien \/ Kommission f\u00fcr Sozialanthropologie der \u00d6sterreichischen Akademie der Wissenschaften \/ Museum f\u00fcr V\u00f6lkerkunde Wien, 30. und 31.3.2006. <\/span><\/p>\n<p><span style=\"color: black; font-family: Verdana,Georgia,Arial;\">2005. &#8220;Are contracts an appropriate tool to ensure fair benefit-sharing? Preliminary lessons from a German ABS-project in Ecuador&#8221;. Third Roundtable on ABS Governance under the CBD. Institut du d\u00e9veloppement durable et des relations internationales (IDDRI), Universit\u00e9 catholique de Louvain: Centre de philosophie du droit, United Nations University: Institute of Advanced Studies (UNU\/IAS), Paris 3.-4.11.2005. <\/span><\/p>\n<p><span style=\"color: black; font-family: Verdana,Georgia,Arial;\">2005. &#8220;Biopiraterie als Metapher? &#8211; Zur Auseinandersetzung amazonischer Indianerorganisationen mit der Pharmaindustrie&#8221;. Deutsche Gesellschaft f\u00fcr V\u00f6lkerkunde: Tagung &#8220;Konflikte &#8211; Menschenrechte &#8211; Interventionen&#8221;, Workshop &#8220;Lokale Weltentw\u00fcrfe und Ethiken im Spannungsfeld globaler Interaktion&#8221;. Halle\/Saale, 4.-7.10.2005. <\/span><\/p>\n<p><span style=\"color: black; font-family: Verdana,Georgia,Arial;\">2004. &#8220;Zwischen Aufwertung und Ausverkauf: S\u00fcdamerikanische Indianerorganisationen und die Konvention \u00fcber die biologische Vielfalt&#8221;. Tagung &#8220;INDIEGEGENWART &#8211; Indigene Realit\u00e4ten im s\u00fcdamerikanischen Tiefland&#8221;. Lateinamerika Institut der Freien Universit\u00e4t Berlin und Ethnologisches Museum Berlin, 23.-25.4.2004. <\/span><\/p>\n","protected":false},"excerpt":{"rendered":"<p>bernhard_woerrle[at]gmx.de &nbsp; Research Interests Shamanism; interethnic healer relationships; patient behaviour in medical pluralism (Ecuador); bioprospection and indigenous knowledge. &nbsp; Research Area(s) Ecuador &nbsp; Publications Monographs and Edited Volumes 2003. (Hrsg., gemeinsam mit Dagmar Schweitzer de Palacios) Heiler zwischen den Welten.&hellip; <\/p>\n","protected":false},"author":1,"featured_media":0,"parent":67,"menu_order":0,"comment_status":"closed","ping_status":"closed","template":"","meta":{"footnotes":""},"class_list":["post-295","page","type-page","status-publish","hentry"],"_links":{"self":[{"href":"https:\/\/www.medicalanthropology.de\/english\/wp-json\/wp\/v2\/pages\/295","targetHints":{"allow":["GET"]}}],"collection":[{"href":"https:\/\/www.medicalanthropology.de\/english\/wp-json\/wp\/v2\/pages"}],"about":[{"href":"https:\/\/www.medicalanthropology.de\/english\/wp-json\/wp\/v2\/types\/page"}],"author":[{"embeddable":true,"href":"https:\/\/www.medicalanthropology.de\/english\/wp-json\/wp\/v2\/users\/1"}],"replies":[{"embeddable":true,"href":"https:\/\/www.medicalanthropology.de\/english\/wp-json\/wp\/v2\/comments?post=295"}],"version-history":[{"count":6,"href":"https:\/\/www.medicalanthropology.de\/english\/wp-json\/wp\/v2\/pages\/295\/revisions"}],"predecessor-version":[{"id":720,"href":"https:\/\/www.medicalanthropology.de\/english\/wp-json\/wp\/v2\/pages\/295\/revisions\/720"}],"up":[{"embeddable":true,"href":"https:\/\/www.medicalanthropology.de\/english\/wp-json\/wp\/v2\/pages\/67"}],"wp:attachment":[{"href":"https:\/\/www.medicalanthropology.de\/english\/wp-json\/wp\/v2\/media?parent=295"}],"curies":[{"name":"wp","href":"https:\/\/api.w.org\/{rel}","templated":true}]}}