{"id":133,"date":"2014-02-22T16:14:34","date_gmt":"2014-02-22T14:14:34","guid":{"rendered":"https:\/\/www.medicalanthropology.de\/english\/?page_id=133"},"modified":"2015-05-29T11:37:24","modified_gmt":"2015-05-29T10:37:24","slug":"kroeker-lena","status":"publish","type":"page","link":"https:\/\/www.medicalanthropology.de\/english\/members\/k\/kroeker-lena\/","title":{"rendered":"Kroeker, Lena"},"content":{"rendered":"<p><span style=\"color: black; font-family: Verdana,Georgia,Arial;\"><a href=\"mailto:lena.kroeker[at]uni-bayreuth.de\">lena.kroeker[at]uni-bayreuth.de<\/a><\/span><\/p>\n<p><span style=\"color: black; font-family: Verdana,Georgia,Arial;\">Lena Kroeker holds an M.A. in Historical Anthropology from Goethe-University, Frankfurt\/M., Germany, and earned a PhD in Social Anthropology at the Bayreuth International Graduate School of African Studies (BIGSAS) in 2012. She completed her PhD thesis on the household-decision making of women who tested HIVpositive in antenatal care which was entitled \u2018In between Life and Death: HIV-Positive Women in Lesotho and their obstetric Choices\u2019. Currently, Lena Kroeker is a post-doc-fellow at the Bayreuth Academy of Advanced African Studies (BAAAS) and teaches in Social Anthropology at the university of Bayreuth, Germany. Besides her academic career she is also experienced in the field of development cooperation. Kroeker has been working as a consultant with Gesellschaft f\u00fcr Technische Zusammenarbeit (GTZ, now Gesellschaft f\u00fcr Internationale Zusammenarbeit GIZ), Centrum f\u00fcr Internationale Migration und Entwicklung (CIM) and within the Karabong-HIVCENTER clinical partnership of Frankfurt\/M University hospital.<\/span><\/p>\n<p>&nbsp;<\/p>\n<p><strong><span style=\"color: black; font-family: Verdana,Georgia,Arial;\">Research Interests<\/span><\/strong><\/p>\n<p><span style=\"color: black; font-family: Verdana,Georgia,Arial;\">HIV\/AIDS; Pregnancy; Uncertainty; Future; Authoritative Knowledge, Architecture<\/span><\/p>\n<p>&nbsp;<\/p>\n<p><strong><span style=\"color: black; font-family: Verdana,Georgia,Arial;\">Research Area(s)<\/span><\/strong><\/p>\n<p><span style=\"color: black; font-family: Verdana,Georgia,Arial;\">Southern and Eastern Africa<\/span><\/p>\n<p>&nbsp;<\/p>\n<p><strong><span style=\"color: black; font-family: Verdana,Georgia,Arial;\">Publications <\/span><\/strong><\/p>\n<p><span style=\"color: black; font-family: Verdana,Georgia,Arial;\"><em>Monographs and Edited Volumes<\/em><\/span><\/p>\n<p><span style=\"color: black; font-family: Verdana,Georgia,Arial;\">(in print) &#8220;In between Life and Death &#8211; Decision-making of HIV+ mothers in Lesotho&#8221;, Dissertation in Social Anthropology, Beitr\u00e4ge zur Afrikaforschung, M\u00fcnster [u.a.]: LIT-Verlag.<br \/>\n<\/span><\/p>\n<p><span style=\"color: black; font-family: Verdana,Georgia,Arial;\">2011. (with Daniel, A., Fink, K. und J. Sch\u00fctze): &#8220;Women\u2019s Life Worlds \u2018In-Between\u2019&#8221;. BIGSAS works!-Working Papers of doctoral Students, Institute of African Studies\/Bayreuth International Graduate School of African Studies, Bayreuth, Bayreuth.<br \/>\n<\/span><\/p>\n<p><span style=\"color: black; font-family: Verdana,Georgia,Arial;\"><em>Journal Articles (peer-reviewed)<\/em><\/span><\/p>\n<p><span style=\"color: black; font-family: Verdana,Georgia,Arial;\">2014. &#8220;Meidung als Alltagshandlung in langfristigen Abh\u00e4ngigkeitsbeziehungen &#8211; Schwangere Frauen mit HIV\/AIDS und ihre Kommunikation in asymmetrischen Machtverh\u00e4ltnissen&#8221;, In: Zeitschrift f\u00fcr Ethnologie 139 (2014), S. 179\u2013198.<br \/>\n<\/span><\/p>\n<p><span style=\"color: black; font-family: Verdana,Georgia,Arial;\">2012. &#8220;From Global Policies to Local Practices: Behavioural Advice for the Prevention of Mother-to-Child-Transmission of HIV&#8221;. In: Sociologus. Journal for Empirical Social Anthropology 1 (62), 47-71.<br \/>\n<\/span><\/p>\n<p><span style=\"color: black; font-family: Verdana,Georgia,Arial;\">2011. (with Alyx Beckwith): &#8220;Safe Infant Feeding in Lesotho in the Era of HIV\/AIDS&#8221;. In: Annals of Anthropological Practice, Special Issue: HIV\/AIDS and Food Insecurity in Sub-Saharan Africa: Challenges and Solutions, 35 (1): 50-66.<br \/>\n<\/span><\/p>\n<p><span style=\"color: black; font-family: Verdana,Georgia,Arial;\">2011. &#8220;Lesotho&#8217;s Performance in the Global Gender Gap Index 2010: Conflicts over Resources and Roles of the Female Breadwinner&#8221;. In: Daniel, A., Fink, K., Kroeker, L., Sch\u00fctze, J. (Eds): Women&#8217;s life worlds In between: BIGSAS works!-Working Papers of doctoral Students, Institute of African Studies\/Bayreuth International Graduate School of African Studies, Bayreuth: 80-100.<br \/>\n<\/span><\/p>\n<p><span style=\"color: black; font-family: Verdana,Georgia,Arial;\"><em>Chapters in Edited Books<\/em><\/span><\/p>\n<p><span style=\"color: black; font-family: Verdana,Georgia,Arial;\">(accepted) &#8220;Low Fertility and Secret Family Planning in Lesotho&#8221;. In: Bochow, A., Kraeger, P. (Eds.): Fertility in Subpopulation, Oxford: Berghahn.<br \/>\n<\/span><\/p>\n<p><span style=\"color: black; font-family: Verdana,Georgia,Arial;\">2013. &#8220;Warum sind eigentlich die HIV\/AIDS-Raten im s\u00fcdlichen Afrika so hoch? &#8211; Ein Vergleich der Weltregionen&#8221;. In: M\u00fcller-Mahn, D.; Obermaier, G. (Eds.): Afrika. Bayreuther Kontaktstudium Geographie, Band 7. Bayreuth: Verlag Naturwissenschaftliche Gesellschaft Bayreuth e.V.: 129-145.<br \/>\n<\/span><\/p>\n<p><span style=\"color: black; font-family: Verdana,Georgia,Arial;\">2008. &#8220;\u201cIch war wie eine Schlafwandlerin\u201c \u2013 Sonderbehandlung von HIV\/AIDS-Betroffenen in ihrer Familie&#8221;. In: Diawara, M.; R\u00f6schenthaler, U. (Eds.): Im Blick der Anderen &#8211; Auf ethnologischer Forschung in Mali, Brandes &amp; Apsel, Frankfurt\/M., p. 70-89.<br \/>\n<\/span><br \/>\n<span style=\"color: black; font-family: Verdana,Georgia,Arial;\"><em>Other<\/em><\/span><\/p>\n<p><span style=\"color: black; font-family: Verdana,Georgia,Arial;\">2015. (with Carola Lentz): &#8220;Report on the International workshop &#8220;The Making of Middle Classes: Social Mobility and Boundary Work in Global Perspective&#8221;&#8221;, 15. Januar 2015, HSozKult. Online Source.<br \/>\n<\/span><\/p>\n<p><span style=\"color: black; font-family: Verdana,Georgia,Arial;\">2014. &#8220;Kenya&#8217;s emerging middle class(es)&#8221;, Conference Paper, European Association of Development Research and Training Institutes (EADI), Bonn. Online Source.<br \/>\n(accepted) Recension of E. Voss&#8217; &#8220;Mediales Heilen in Deutschland&#8221;, Sociologus. Journal for Empirical Social Anthropology.<br \/>\n<\/span><\/p>\n<p><span style=\"color: black; font-family: Verdana,Georgia,Arial;\">2013. &#8220;Middle classes in Kenya and their visions: A report from Nairobi about the future of middle classes&#8221;, Newsletter of African Studies at the University of Bayreuth Vol. XIII 2013: 23-24.<br \/>\n<\/span><\/p>\n<p><span style=\"color: black; font-family: Verdana,Georgia,Arial;\">2013. (with Clarissa Vierke): &#8220;1959-2013 Naomi Luchera Shitemi&#8221;, Newsletter of African Studies at the University of Bayreuth Vol. XIII 2013, S. 89.<br \/>\n<\/span><\/p>\n<p><span style=\"color: black; font-family: Verdana,Georgia,Arial;\">2008. &#8220;Milky Way III: sub-study on socio-cultural factors influencing decisions on mother and child care (MK-III)&#8221;. In: Prof. R. Brodt, Dr. T. Lennemann, Prof. Dr. S. Staszewski (Eds.): HIVCENTER Report R 02\u2013 The global fight is local, HIVCENTER am Klinikum der Johann Wolfgang Goethe Universit\u00e4t, Frankfurt\/Main: 25.<br \/>\n<\/span><\/p>\n<p><span style=\"color: black; font-family: Verdana,Georgia,Arial;\">2008. &#8220;Culture, Communication and HIV treatment in Lesotho&#8221;. In: Prof. R. Brodt, Dr. T. Lennemann, Prof. Dr. S. Staszewski (Eds.): HIVCENTER Report R 02\u2013 The global fight is local, HIVCENTER am Klinikum der Johann Wolfgang Goethe Universit\u00e4t, Frankfurt\/Main: 34-36.<br \/>\n<\/span><\/p>\n<p><span style=\"color: black; font-family: Verdana,Georgia,Arial;\">2008. (with Tessa Lennemann): &#8220;Interdisciplinary research \u2013 bridging gaps and joining approaches&#8221;. In: Prof. R. Brodt, Dr. T. Lennemann, Prof. Dr. S. Staszewski (Hrsg.): HIVCENTER Report R 02\u2013 The global fight is local, HIVCENTER am Klinikum der Johann Wolfgang Goethe Universit\u00e4t, Frankfurt\/Main: 56-57.<br \/>\n<\/span><\/p>\n<p><span style=\"color: black; font-family: Verdana,Georgia,Arial;\">2008. (with Lennemann, T., Staszewski, S., Brodt, R. und Gesellschaft f\u00fcr Technische Zusammenarbeit (Hrsg.): &#8220;Assessment of availability of HIV Workplace programs in the Health Care Sector in Lesotho&#8221;, Eschborn.<br \/>\n<\/span><\/p>\n<p><span style=\"color: black; font-family: Verdana,Georgia,Arial;\">2006. (with Gesellschaft f\u00fcr Technische Zusammenarbeit): &#8220;Good Practice: Die \u00dcberwindung von FGM im Kontext eines Grundbildungsprojekts in Mali&#8221;, Eschborn.<br \/>\n<\/span><\/p>\n<p><span style=\"color: black; font-family: Verdana,Georgia,Arial;\">2006. (with Gesellschaft f\u00fcr Technische Zusammenarbei): &#8220;Weibliche Genitalverst\u00fcmmelung in Mali&#8221;, L\u00e4nderfactsheet der Gesellschaft f\u00fcr Technische Zusammenarbeit, Eschborn.<\/span><\/p>\n<p>&nbsp;<\/p>\n<p><strong><span style=\"color: black; font-family: Verdana,Georgia,Arial;\">Conference Presentations (since 2017)<\/span><\/strong><\/p>\n<p><span style=\"color: black; font-family: Verdana,Georgia,Arial;\">&#8220;Kenya&#8217;s Emerging Middle Class&#8221;, 25\/06\/2014, 14th General Conference of the European Association of Development Research and Training Institutes (EADI), &#8220;Responsible Development in a Polycentric World: Inequality, Citizenship and the Middle Classes&#8221;, Bonn.<br \/>\n<\/span><\/p>\n<p><span style=\"color: black; font-family: Verdana,Georgia,Arial;\">&#8220;Zukunftsvisionen der Mittelschichten in Nairobi, Kenia&#8221;, 06\/02\/2014, Junges Kolleg der Bayerischen Akademie der Wissenschaften, M\u00fcnchen.<br \/>\n<\/span><\/p>\n<p><span style=\"color: black; font-family: Verdana,Georgia,Arial;\">(with E. Alber und T.H\u00e4berlein) &#8220;Alltag in Afrika&#8221;, 16\/01\/2014,Volkshochschule M\u00fcnchen.<br \/>\n<\/span><\/p>\n<p><span style=\"color: black; font-family: Verdana,Georgia,Arial;\">(with F. Stoll) &#8220;Middle Classes in Kenya\u201c, 22\/10\/2013, German Academic exchange Service (DAAD) Kenya, Nairobi.<br \/>\n<\/span><\/p>\n<p><span style=\"color: black; font-family: Verdana,Georgia,Arial;\">&#8220;Preventing HIV-transmission from mother to child: emergency or chance?&#8221;, 29\/06\/2013, 5th European Conference on African Studies, Lisbon.<br \/>\n<\/span><\/p>\n<p><span style=\"color: black; font-family: Verdana,Georgia,Arial;\">(with F. Stoll) &#8220;Middle Classes on the Rise in Kenyav, 29\/05\/2013, Workshop on &#8220;Middle Classes on the Rise&#8221;, Bayreuth Academy of Advanced African Studies, Bayreuth University.<br \/>\n<\/span><\/p>\n<p><span style=\"color: black; font-family: Verdana,Georgia,Arial;\">&#8220;Uncertainty und Gesundheit&#8221;, 24\/05\/2013, Workshop of the Research Area Medical Anthropology, Free University Berlin.<br \/>\n<\/span><\/p>\n<p><span style=\"color: black; font-family: Verdana,Georgia,Arial;\">&#8220;Pregnant women with HIV narrating past, present and future&#8221;, 14\/12\/2012, Biographies in Times of Crisis: Exploring Religious Narratives of AIDS in Africa and the African Diaspora, Faculty of Theology and Religious Studies, University of Groningen, the Netherlands.<br \/>\n<\/span><\/p>\n<p><span style=\"color: black; font-family: Verdana,Georgia,Arial;\">&#8220;AIDS in Afrika&#8221;, 05\/07\/2012, Kontaktstudium Geographie: Afrika, Bayreuth University.<br \/>\n<\/span><\/p>\n<p><span style=\"color: black; font-family: Verdana,Georgia,Arial;\">\u201cThe Impact of urban dwellings on gender and generation in Lesotho&#8221;, 31\/05\/2012, Vereinigung der Afrikawissenschaften Deutschlands (VAD) -Conference, University of Cologne.<br \/>\n<\/span><\/p>\n<p><span style=\"color: black; font-family: Verdana,Georgia,Arial;\">&#8220;Konfliktvermeidung: Entscheidungsfindungen HIV-infizierter M\u00fctter in Lesotho&#8221;, 19\/05\/2012, Afrika-Kolloquium, Johann Wolfgang v. Goethe-Universit\u00e4t, Frankfurt\/M.<br \/>\n<\/span><\/p>\n<p><span style=\"color: black; font-family: Verdana,Georgia,Arial;\">&#8220;In between Life and Death \u2013HIV-infizierte Schwangere in Lesotho und ihre Entscheidungen&#8221;, 15\/02\/2012, Kolloquium of the Institut f\u00fcr Geschichte, Theorie und Ethik der Medizin, Ulm University.<br \/>\n<\/span><\/p>\n<p><span style=\"color: black; font-family: Verdana,Georgia,Arial;\">&#8220;Pregnant women with HIV in Lesotho&#8221;, 02\/12\/2011, Social Aspects of HIV\/AIDS Research Alliance, 6th Conference, Nelson Mandela Metropolitan University, Port Elizabeth, South Africa.<br \/>\n<\/span><\/p>\n<p><span style=\"color: black; font-family: Verdana,Georgia,Arial;\">&#8220;Junge M\u00fctter mit HIV in Lesotho \u2013 praktikable L\u00f6sungen zwischen famili\u00e4ren und biomedizinischen Anforderungen zur sicheren Babyern\u00e4hrung&#8221;, 19\/06\/2010, AG Medical Anthropology, Freie Universit\u00e4t Berlin.<br \/>\n<\/span><\/p>\n<p><span style=\"color: black; font-family: Verdana,Georgia,Arial;\">&#8220;This thing of HIV makes child-bearing difficult \u2013 \u201cHidden transcripts\u201d in health communication\u201d, 04\/05\/2010, Ethnographic Colloquium, Bayreuth University.<br \/>\n<\/span><\/p>\n<p><span style=\"color: black; font-family: Verdana,Georgia,Arial;\">&#8220;Prevention of Mother-to-Child-Transmission (PMTCT) of HIV in Lesotho&#8221;, 05\/11\/2009, Colloquium of the Bayreuth International Graduate School of African Studies (BIGSAS), Bayreuth University.<br \/>\n<\/span><\/p>\n<p><span style=\"color: black; font-family: Verdana,Georgia,Arial;\">&#8220;Mediating Conflicting Demands: Prevention of Mother-to-Child-Transmission (PMTCT) of HIV in Lesotho&#8221;, 26\/09\/2009 in Society of Medical Anthropology, Panel: Women Facing Modern Health Challenges: Households, Health, and Healing, Yale University, New Haven, USA.<br \/>\n<\/span><\/p>\n<p><span style=\"color: black; font-family: Verdana,Georgia,Arial;\">&#8220;Mediating conflicting demands \u2013 Preliminary findings&#8221;, 05\/02\/2009 in Mothers2Mothers, Mafeteng Government Hospital, Mafeteng, Lesotho.<br \/>\n<\/span><\/p>\n<p><span style=\"color: black; font-family: Verdana,Georgia,Arial;\">&#8220;Anthropological Assessment on Prevention of Mother-to-Child-Transmission of HIV\/AIDS in Lesotho&#8221;. 29\/08\/2008, European Association of Social Anthropologists (EASA), 10th Biennial Conference 2008, Panel: Anthropological perspectives on the establishment of new medical technologies Ljubljana, Slovenia.<br \/>\n<\/span><\/p>\n<p><span style=\"color: black; font-family: Verdana,Georgia,Arial;\">&#8220;Anthropological assessment on Prevention of Mother-to-Child Transmission of HIV in Lesotho&#8221;, 25\/07\/2007, International and interdisciplinary Summer School &#8220;Point Sud Annual Institute\u201d (PSAI) on &#8220;Entangled medical fields: transformation of meaning, knowledge and practice&#8221;, Libreville, Gabon.<br \/>\n<\/span><\/p>\n<p><span style=\"color: black; font-family: Verdana,Georgia,Arial;\">&#8220;Therapieschulung und Compliance-Training in Afrika &#8211; Erfahrungsberichte aus Mali und Lesotho&#8221;, 28\/06\/2007, Deutsch-\u00d6sterreichischer AIDS-Kongress (D\u00d6AK) Frankfurt M.<br \/>\n<\/span><\/p>\n<p><span style=\"color: black; font-family: Verdana,Georgia,Arial;\">&#8220;Ich war wie eine Schlafwandlerin&#8221;\u2013Sonderbehandlung von HIV\/AIDS Betroffenen in ihren Familien in Mali\u201c, 01\/02\/2007, Afrika-Colloquium, J.W.-Goethe Universit\u00e4t Frankfurt\/M.<br \/>\n<\/span><\/p>\n","protected":false},"excerpt":{"rendered":"<p>lena.kroeker[at]uni-bayreuth.de Lena Kroeker holds an M.A. in Historical Anthropology from Goethe-University, Frankfurt\/M., Germany, and earned a PhD in Social Anthropology at the Bayreuth International Graduate School of African Studies (BIGSAS) in 2012. She completed her PhD thesis on the household-decision&hellip; <\/p>\n","protected":false},"author":1,"featured_media":0,"parent":56,"menu_order":7,"comment_status":"closed","ping_status":"open","template":"","meta":{"footnotes":""},"class_list":["post-133","page","type-page","status-publish","hentry"],"_links":{"self":[{"href":"https:\/\/www.medicalanthropology.de\/english\/wp-json\/wp\/v2\/pages\/133","targetHints":{"allow":["GET"]}}],"collection":[{"href":"https:\/\/www.medicalanthropology.de\/english\/wp-json\/wp\/v2\/pages"}],"about":[{"href":"https:\/\/www.medicalanthropology.de\/english\/wp-json\/wp\/v2\/types\/page"}],"author":[{"embeddable":true,"href":"https:\/\/www.medicalanthropology.de\/english\/wp-json\/wp\/v2\/users\/1"}],"replies":[{"embeddable":true,"href":"https:\/\/www.medicalanthropology.de\/english\/wp-json\/wp\/v2\/comments?post=133"}],"version-history":[{"count":5,"href":"https:\/\/www.medicalanthropology.de\/english\/wp-json\/wp\/v2\/pages\/133\/revisions"}],"predecessor-version":[{"id":681,"href":"https:\/\/www.medicalanthropology.de\/english\/wp-json\/wp\/v2\/pages\/133\/revisions\/681"}],"up":[{"embeddable":true,"href":"https:\/\/www.medicalanthropology.de\/english\/wp-json\/wp\/v2\/pages\/56"}],"wp:attachment":[{"href":"https:\/\/www.medicalanthropology.de\/english\/wp-json\/wp\/v2\/media?parent=133"}],"curies":[{"name":"wp","href":"https:\/\/api.w.org\/{rel}","templated":true}]}}